 47, 102481
What are the prime factors of 195704995?
5, 1361, 28759
What are the prime factors of 1535683581?
3, 107, 1093, 1459
List the prime factors of 105015048.
2, 3, 53, 82559
List the prime factors of 65591176.
2, 7, 131, 8941
List the prime factors of 81762586.
2, 19, 2151647
What are the prime factors of 118646375?
5, 949171
What are the prime factors of 50624626?
2, 13, 19, 7883
List the prime factors of 120116164.
2, 7, 367, 11689
List the prime factors of 43668994.
2, 43, 507779
List the prime factors of 28000148.
2, 11, 19, 33493
What are the prime factors of 86132260?
2, 5, 31, 138923
List the prime factors of 2821568982.
2, 3, 17, 449, 61609
What are the prime factors of 52587689?
7, 11, 47, 1321
What are the prime factors of 313653158?
2, 7, 13, 1723369
List the prime factors of 394215571.
394215571
List the prime factors of 351719226.
2, 3, 6513319
List the prime factors of 27661975.
5, 11, 17, 61, 97
What are the prime factors of 113061498?
2, 3, 11, 149, 11497
List the prime factors of 27696892.
2, 6924223
List the prime factors of 21319664.
2, 1332479
List the prime factors of 304909621.
304909621
List the prime factors of 6365941571.
11, 1039, 556999
List the prime factors of 2373787408.
2, 148361713
List the prime factors of 210054902.
2, 3803, 27617
What are the prime factors of 772520553?
3, 7, 127, 96553
List the prime factors of 728467952.
2, 17, 67, 71, 563
List the prime factors of 1941581692.
2, 485395423
List the prime factors of 33400764.
2, 3, 31, 173
What are the prime factors of 2300740299?
3, 11, 13, 31, 57667
List the prime factors of 541091795.
5, 311, 347969
List the prime factors of 255304692.
2, 3, 23, 503, 613
List the prime factors of 13506446.
2, 1201, 5623
List the prime factors of 838736502.
2, 3, 929, 150473
List the prime factors of 1133857172.
2, 7, 107, 263, 1439
List the prime factors of 103754585.
5, 11, 1886447
What are the prime factors of 1272735413?
17, 74866789
List the prime factors of 185330125.
5, 271, 5471
List the prime factors of 2882499584.
2, 2814941
List the prime factors of 793911055.
5, 7, 647, 35059
What are the prime factors of 1993755802?
2, 43, 53, 421, 1039
What are the prime factors of 717405770?
2, 5, 29, 2473813
What are the prime factors of 1743804840?
2, 3, 5, 373, 38959
List the prime factors of 91663165.
5, 11, 23, 72461
List the prime factors of 257298223.
7, 13, 97, 103, 283
What are the prime factors of 1233422941?
1233422941
What are the prime factors of 69850434?
2, 3, 181, 64319
List the prime factors of 185369975.
5, 7, 1059257
List the prime factors of 1525802967.
3, 13, 677, 6421
What are the prime factors of 32177437?
23, 1399019
What are the prime factors of 160036207?
160036207
What are the prime factors of 1889179384?
2, 467, 505669
What are the prime factors of 2391053513?
47, 50873479
List the prime factors of 61139051.
53, 107, 10781
List the prime factors of 2038256671.
11, 185296061
What are the prime factors of 6564314790?
2, 3, 5, 11, 31, 83, 859
List the prime factors of 157141800.
2, 3, 5, 67, 1303
List the prime factors of 97221000.
2, 3, 5, 23, 1409
List the prime factors of 70365098.
2, 193, 421, 433
List the prime factors of 2072398.
2, 29, 35731
List the prime factors of 5264378020.
2, 5, 11, 23928991
What are the prime factors of 232252155?
3, 5, 29, 31, 5741
List the prime factors of 2278753373.
13, 37, 4737533
What are the prime factors of 2202578205?
3, 5, 101, 1453847
List the prime factors of 39789397.
39789397
List the prime factors of 60395517.
3, 7, 13, 47, 523
List the prime factors of 90151968.
2, 3, 31, 30293
What are the prime factors of 363272789?
11, 5273, 6263
What are the prime factors of 166646666?
2, 149, 559217
List the prime factors of 521192867.
13, 40091759
What are the prime factors of 119171182?
2, 13, 4583507
What are the prime factors of 3287785?
5, 657557
What are the prime factors of 48027165?
3, 5, 491, 6521
List the prime factors of 166084445.
5, 761, 43649
What are the prime factors of 201686479?
201686479
What are the prime factors of 281150915?
5, 56230183
What are the prime factors of 239323487?
13, 19, 23, 103, 409
List the prime factors of 423357920.
2, 5, 2645987
What are the prime factors of 600377376?
2, 3, 1553, 4027
What are the prime factors of 64012614?
2, 3, 443, 24083
What are the prime factors of 709393190?
2, 5, 11, 89, 72461
What are the prime factors of 2282648472?
2, 3, 13, 853, 953
List the prime factors of 2427685141.
7, 346812163
What are the prime factors of 237950796?
2, 3, 947, 20939
What are the prime factors of 77656189?
13, 5973553
List the prime factors of 64318683.
3, 11, 13, 313, 479
List the prime factors of 887582735.
5, 13, 13655119
What are the prime factors of 694176105?
3, 5, 7, 461, 14341
List the prime factors of 2550209255.
5, 11, 46367441
What are the prime factors of 30030090?
2, 3, 5, 1001003
What are the prime factors of 221593860?
2, 3, 5, 410359
What are the prime factors of 4257714741?
3, 7, 41, 4945081
What are the prime factors of 112526851?
227, 495713
List the prime factors of 71424960.
2, 3, 5, 47, 1583
What are the prime factors of 94909594?
2, 13, 3650369
What are the prime factors of 1267168509?
3, 23, 41, 157, 317
What are the prime factors of 968915581?
968915581
List the prime factors of 655800650.
2, 5, 167, 78539
List the prime factors of 1884428726.
2, 751, 1254613
List the prime factors of 1046929313.
373, 2806781
List the prime factors of 2103399047.
19, 110705213
What are the prime factors of 8247806?
2, 7, 41, 14369
What are the prime factors of 98121381?
3, 23, 673, 2113
List the prime factors of 2272012029.
3, 7, 36063683
List the prime factors of 99246852.
2, 3, 593, 4649
What are the prime factors of 2226726105?
3, 5, 148448407
What are the prime factors of 8886863?
31, 286673
List the prime factors of 37693059.
3, 61, 281, 733
List the prime factors of 3685499342.
2, 7, 61, 4315573
List the prime factors of 72471602.
2, 7, 5176543
List the prime factors of 331402908.
2, 3, 27616909
What are the prime factors of 283243032?
2, 3, 19, 31, 6679
What are the prime factors of 202234836?
2, 3, 2287, 7369
What are the prime factors of 22839300?
2, 3, 5, 11, 769
What are the prime factors of 2032272?
2, 3, 11, 1283
What are the prime factors of 16296647?
3313, 4919
What are the prime factors of 372166762?
2, 11, 16916671
What are the prime factors of 324349309?
83, 149, 26227
What are the prime factors of 1703924124?
2, 3, 7, 739, 27449
List the prime factors of 172906257.
3, 2609, 22091
List the prime factors of 683092450.
2, 5, 13661849
What are the prime factors of 21154273?
7, 17, 23, 59, 131
What are the prime factors of 415386539?
41, 1571, 6449
List the prime factors of 166036899.
3, 7, 31, 255049
List the prime factors of 22415678.
2, 11207839
What are the prime factors of 573510870?
2, 3, 5, 41, 155423
List the prime factors of 58235380.
2, 5, 7, 19, 21893
What are the prime factors of 3275278363?
7, 467896909
List the prime factors of 178485027.
3, 7, 8499287
What are the prime factors of 616412481?
3, 205470827
List the prime factors of 617670820.
2, 5, 13, 1229, 1933
List the prime factors of 341974773.
3, 7, 47, 2357
List the prime factors of 1587025616.
2, 11, 17, 19, 27917
What are the prime factors of 1517110345?
5, 17, 131, 136247
What are the prime factors of 84475115?
5, 29, 582587
List the prime factors of 4602388262.
2, 2301194131
List the prime factors of 399859461.
3, 59, 753031
List the prime factors of 770098562.
2, 59, 601, 10859
List the prime factors of 558152409.
3, 13411, 13873
List the prime factors of 326381026.
2, 163190513
What are the prime factors of 1506686936?
2, 188335867
List the prime factors of 13365948.
2, 3, 43, 25903
What are the prime factors of 437887065?
3, 5, 7, 11, 379123
List the prime factors of 140546014.
2, 7, 1434143
What are the prime factors of 523234216?
2, 71, 73, 12619
What are the prime factors of 875496815?
5, 269, 650927
What are the prime factors of 6554999?
11, 61, 9769
What are the prime factors of 702947323?
13, 54072871
What are the prime factors of 1103414893?
7, 67, 487, 4831
What are the prime factors of 212882805?
3, 5, 4730729
List the prime factors of 5184000963.
3, 9419